he prime factors of h.
2, 5
Let t = -6 - -92. Suppose 4*l - 344 = 5*z - 2*z, -5*z - t = -l. List the prime factors of l.
2, 43
Let c be -737 + 3 + -2*(3 + -4). Let d = -426 - c. List the prime factors of d.
2, 3, 17
Suppose -4*o - 368 = -4*n, 176 + 104 = 3*n - 2*o. Suppose r - n = -3*s, 4*s - 202 = -r - 73. List the prime factors of s.
3, 11
Let k be ((-11)/5)/((-4)/20). Suppose -5*v = -0*v + 3*g + k, g = -3*v - 5. List the prime factors of ((-4)/(8/14))/v.
7
Let f = 9 + -14. Let x = f + -3. List the prime factors of (-25 + 3)/(x/4).
11
Let r(w) = -w**2 - 19*w - 12. Let n be r(-12). Suppose -q = -g + n, 0 = 5*g - q - 2*q - 350. List the prime factors of g.
67
Let x(m) be the second derivative of 7/2*m**2 + 1/12*m**4 + 0 - 5/6*m**3 - 6*m. List the prime factors of x(7).
3, 7
Suppose -2*x + 5*g = -31, 0 = -2*x - 5*g - 23 + 4. Suppose 5*a = -x*t - 2*t + 85, t = -3*a + 53. List the prime factors of 166/a - (-30)/(-135).
3
Let j = 5 + -9. Suppose 0*g + 42 = -3*g. What are the prime factors of 60/35 + j/g?
2
Suppose 1 = -x, -i + 4*x + 37 + 29 = 0. What are the prime factors of i?
2, 31
Let i = 199 + -107. Suppose -2*l + i + 14 = 2*o, l - o - 45 = 0. List the prime factors of l.
7
Let g(m) = 4*m + 25. Let f be g(6). Suppose -8*n + f = -1607. List the prime factors of n.
3, 23
Suppose -2*b - 4*u = -368, 556 = -2*b + 5*b + 4*u. What are the prime factors of b?
2, 47
Let a = 119 + -125. Let z(g) be the third derivative of -g**6/120 - g**5/10 - g**4/6 - g**3/3 - 3*g**2. List the prime factors of z(a).
2, 11
Let f be 5 + -5 + 20/2. Let s = 13 - f. Suppose -4*d = 16, 0 = -5*n + 2*d - s*d + 66. List the prime factors of n.
2, 7
Suppose -f - 3*l = -1557, 8 = -2*l + 6*l. List the prime factors of f.
3, 11, 47
Let s = 276 - 314. Suppose -4*z = -295 - 65. Let y = z + s. What are the prime factors of y?
2, 13
Let m(h) = -10*h + 7. Let c be m(7). Let g(t) = t**2 - 2. Let v be g(2). What are the prime factors of c/(-28)*16/v?
2, 3
Let z = -6238 + 9771. List the prime factors of z.
3533
Let j(s) = 5*s - 2. Let b be j(-3). Let m be ((-45)/(-10))/(2/(-12)). Let n = b - m. What are the prime factors of n?
2, 5
Suppose 52*m - 87*m + 3570 = 0. Let q = 7 - -2. Suppose -q*w = -7*w - m. What are the prime factors of w?
3, 17
Suppose 0 = 240*t - 247*t - 28. Let i(r) = 3 + r**3 - 4 + 5*r + 5*r**2 - 2*r. What are the prime factors of i(t)?
3
Let z be 303*(-3)/9*-1. Let q = z - 45. List the prime factors of q.
2, 7
What are the prime factors of 1*8/12*393/2?
131
Suppose -3*w + 4*w + 12 = 0. What are the prime factors of (-454)/w - (-9)/54?
2, 19
Let z be 12 - 2 - (7 + -4). Let c = z + 13. List the prime factors of c.
2, 5
Let f be 2/(-15) + (-1360)/(-75). Let u(y) = -10*y**2 - y + 1. Let h be u(1). Let n = f + h. What are the prime factors of n?
2
Let y = -11 + 13. Let k(x) = x - 8. Let j be k(8). Suppose -1 = m - 4*a - j, 2*m + y*a = 38. What are the prime factors of m?
3, 5
Let a be ((-138)/5)/(15/(-50)). Suppose 3*f - a = 3*p - 20, 4*p = -2*f + 18. List the prime factors of f.
19
Suppose 16 = -4*a, -5*s + 0*s - a - 34 = 0. What are the prime factors of ((-9)/s)/((-7)/(-266))?
3, 19
Let z be (-16)/20*30/(-4). Let r be -2 - -6 - (-8 + 10). Suppose z*n = r*n + m + 35, -m = -n + 5. What are the prime factors of n?
2, 5
Let w = -2 + 106. Suppose 0 = 2*b - 428 + w. What are the prime factors of b?
2, 3
Suppose 0 = 4*a - 0*g + 3*g + 231, -5*a - 285 = 3*g. Let f = 68 + -105. Let q = f - a. List the prime factors of q.
17
Let d(s) = -s + 10. Let x be d(7). Let l(p) = -14*p + 8. Let z be l(-11). Suppose x*c - z = 69. What are the prime factors of c?
7, 11
Suppose 0 = -3*j - j + 120. Let z be ((-25)/j)/((-2)/12). Suppose 7 = b + z*g - 7, 0 = 5*g. What are the prime factors of b?
2, 7
Let c(s) = 2*s**2 - 9*s - 115. What are the prime factors of c(-12)?
281
Let i(k) = 285*k**2 + 20*k + 39. What are the prime factors of i(-2)?
17, 67
Suppose 0 = 55*o - 51*o - 684. What are the prime factors of o?
3, 19
Let n = 136 - -40. List the prime factors of n.
2, 11
Suppose -8*i + 12 = -4*i. Let f be (186/i)/(3/3). What are the prime factors of f/2 + (-3 - -5)?
3, 11
Let u = 107 - 102. Suppose u*o - 5*b - 1430 = -0*b, 4*b - 548 = -2*o. What are the prime factors of o?
2, 3, 47
Let u(w) = -w**3 + 6*w**2 - 4*w - 2. Let b be 4 - (-3 + 1 - -1). Let z be u(b). Suppose -4*c + 18 = 5*i, -3*c + z*i + i + 29 = 0. List the prime factors of c.
7
Suppose -1 = -8*d + 15. What are the prime factors of (-111)/((-1)/d*1*2)?
3, 37
Suppose -11*i + 17*i - 1314 = 0. Let g = i + -75. What are the prime factors of g?
2, 3
Suppose -4*l = -17 + 1. Suppose 5 = l*r - 35. List the prime factors of r.
2, 5
Let f = -18 + 40. List the prime factors of 1522/f + (-24)/132.
3, 23
Suppose 5*j + 26 = 2*n, -j - 2 = -0. List the prime factors of 130/(-7)*(n - 15).
2, 5, 13
Let u(q) = -q**3 - 19*q**2 + 29*q + 46. List the prime factors of u(-21).
11, 29
Let w = 82 + 124. Suppose 4*g - 5*b = w, -3*g - 3*b + 153 = -6*b. List the prime factors of g.
7
Let l(t) be the third derivative of -t**6/120 + 3*t**5/20 - t**4/8 - 11*t**3/6 - t**2. Let w be l(9). What are the prime factors of w/(-1) + (-6)/(-2)?
41
Suppose 16*v = 11*v + 425. Let h = v + 18. What are the prime factors of h?
103
Let v = -8 + 14. Let r be -4 + 0 + 1 + v. Suppose 0 = a - i - i - 2, -r*a + 14 = 2*i. List the prime factors of a.
2
Let x(u) = 418*u**3 - 5*u**2 - 8*u + 30. List the prime factors of x(2).
2, 1669
Suppose 4*d + 0*d + 3*u - 3 = 0, -4*d - 3 = -3*u. Let v(m) = 2*m**3 + 3*m**2 - 2*m. Let l be v(2). Let c = l + d. What are the prime factors of c?
2, 3
Let g(q) = 2*q**2 - 2*q - 16. What are the prime factors of g(-10)?
2, 3, 17
Let l = 125 + 3. What are the prime factors of l?
2
Suppose -a = a - 48. Let r be (50/(-4))/((-12)/a). Let y = r - 11. What are the prime factors of y?
2, 7
Let l(p) = 16*p**2 - 5*p + p**3 + 6*p + 33*p. What are the prime factors of l(-11)?
3, 7, 11
Suppose -b + 3*o = -124, -o + 265 = 3*b - 107. Suppose -2*h + 3*k + 54 = 0, 5*h - 2*k = -0*k + b. What are the prime factors of h?
2, 3
Let i be ((-30)/(-21) + -2)*7/(-2). Suppose i*h - 94 = 216. What are the prime factors of h?
5, 31
Suppose -v = -3*z + 7, 3*z + 2 = z. What are the prime factors of 7 + v - 42/(-2)?
2, 3
Let x = 1327 - 920. What are the prime factors of x?
11, 37
Let h(f) = -f**3 - 9*f**2 - 9*f - 6. Let v be h(-8). Let y(t) = 17*t**2 - 9*t + 10. List the prime factors of y(v).
2, 3, 5
Let q = -4 - -8. Suppose -3*j + q*b - 6 = 0, -b + 5 = 4*j - 2*b. List the prime factors of 6/j*102/9.
2, 17
Let o = 1153 - -1217. What are the prime factors of o?
2, 3, 5, 79
Let d be -9*4/(-9)*6. Suppose -24*b = -28*b + d. List the prime factors of b.
2, 3
Let x = -25 - -27. Suppose 0*j - j + x = 0. Suppose 4*h + 196 = 3*s, -s = -0*h - j*h - 68. List the prime factors of s.
2, 3, 5
Let b(y) = -7*y + 5. Let w be b(-3). Let i = w - 23. Suppose -g - 1 = -3*g - j, i*j = 4*g - 27. What are the prime factors of g?
3
Let f be (-172)/(-60) - 6/(-45). Suppose f*s - 2*t = 175, 2*s - 3*t - 79 = 36. Let d = s - 23. List the prime factors of d.
2, 3
What are the prime factors of ((-114)/171)/((-1)/3156)?
2, 263
Suppose x + 2*f - 4*f - 70 = 0, -2*f = -2. Let p(z) = 5*z**3 - z - 2. Let i be p(-2). Let h = x + i. What are the prime factors of h?
2
Suppose -3*v = 77 + 7. Suppose 0 = -9*s + 531 - 657. What are the prime factors of (v/5)/(s/140)?
2, 7
Let o(a) = a**2 + 3*a - 12. Let f be o(-10). Let v = 6 + f. What are the prime factors of v?
2
Let z(u) = 4*u - 1. Let j be z(1). Let x = j - 7. Let q = 37 + x. List the prime factors of q.
3, 11
Let k(g) be the first derivative of -g**2 + 22*g + 1. What are the prime factors of k(9)?
2
Let s(z) = 72*z**2 - 4*z - 6. What are the prime factors of s(-4)?
2, 7, 83
Suppose -31*c = -40*c + 45513. What are the prime factors of c?
13, 389
Suppose 2*a - 249 = -h, -2*h + a + 311 + 212 = 0. List the prime factors of h.
7, 37
Let q(z) be the second derivative of z**5/20 - 5*z**4/4 + 13*z**3/6 + 5*z**2 + 37*z. List the prime factors of q(15).
5, 41
What are the prime factors of 3688*(-10)/20*14/(-8)?
7, 461
Suppose 0 = 5*i - 4*a - 2453, -i - 4*a + 339 = -142. List the prime factors of i.
3, 163
Let u = 27 + -45. Let r = u + 22. Suppose 0 = r*h + 19 - 79. What are the prime fact